CRAN Package Check Results for Package metaRMST

Last updated on 2021-02-26 09:49:23 CET.

Flavor Version Tinstall Tcheck Ttotal Status Flags
r-devel-linux-x86_64-debian-clang 1.0.0 11.66 98.48 110.14 OK
r-devel-linux-x86_64-debian-gcc 1.0.0 9.65 74.93 84.58 OK
r-devel-linux-x86_64-fedora-clang 1.0.0 150.91 OK
r-devel-linux-x86_64-fedora-gcc 1.0.0 136.38 OK
r-devel-windows-ix86+x86_64 1.0.0 20.00 83.00 103.00 OK
r-patched-linux-x86_64 1.0.0 10.96 91.78 102.74 OK
r-patched-solaris-x86 1.0.0 192.10 OK
r-release-linux-x86_64 1.0.0 10.77 93.44 104.21 OK
r-release-macos-x86_64 1.0.0 OK
r-release-windows-ix86+x86_64 1.0.0 26.00 4.00 30.00 ERROR
r-oldrel-macos-x86_64 1.0.0 OK
r-oldrel-windows-ix86+x86_64 1.0.0 16.00 109.00 125.00 OK

Check Details

Version: 1.0.0
Check: whether package can be installed
Result: ERROR
    Installation failed.
Flavor: r-release-windows-ix86+x86_64