CRAN Package Check Results for Package meta

Last updated on 2021-01-22 09:48:42 CET.

Flavor Version Tinstall Tcheck Ttotal Status Flags
r-devel-linux-x86_64-debian-clang 4.16-1 43.16 253.31 296.47 OK
r-devel-linux-x86_64-debian-gcc 4.16-1 36.30 183.98 220.28 OK
r-devel-linux-x86_64-fedora-clang 4.16-1 375.13 NOTE
r-devel-linux-x86_64-fedora-gcc 4.16-1 370.62 OK
r-devel-windows-ix86+x86_64 4.16-1 75.00 269.00 344.00 OK
r-patched-linux-x86_64 4.16-1 46.12 227.99 274.11 OK
r-patched-solaris-x86 4.16-1 419.90 OK
r-release-linux-x86_64 4.16-1 42.99 230.42 273.41 OK
r-release-macos-x86_64 4.16-1 OK
r-release-windows-ix86+x86_64 4.16-0 71.00 191.00 262.00 OK
r-oldrel-macos-x86_64 4.16-1 OK
r-oldrel-windows-ix86+x86_64 4.16-1 45.00 233.00 278.00 OK

Check Details

Version: 4.16-1
Check: Rd cross-references
Result: NOTE
    Undeclared packages ‘metasens’, ‘robumeta’ in Rd xrefs
Flavor: r-devel-linux-x86_64-fedora-clang