CRAN Package Check Results for Package metScanR

Last updated on 2021-04-11 10:47:38 CEST.

Flavor Version Tinstall Tcheck Ttotal Status Flags
r-devel-linux-x86_64-debian-clang 1.2.3 6.01 52.75 58.76 OK
r-devel-linux-x86_64-debian-gcc 1.2.3 4.38 42.26 46.64 OK
r-devel-linux-x86_64-fedora-clang 1.2.3 80.02 NOTE
r-devel-linux-x86_64-fedora-gcc 1.2.3 67.19 NOTE
r-devel-windows-ix86+x86_64 1.2.3 9.00 53.00 62.00 OK
r-devel-windows-x86_64-gcc10-UCRT 1.2.3 NOTE
r-patched-linux-x86_64 1.2.3 4.16 50.48 54.64 OK
r-patched-solaris-x86 1.2.3 106.20 NOTE
r-release-linux-x86_64 1.2.3 3.78 50.12 53.90 OK
r-release-macos-x86_64 1.2.3 NOTE
r-release-windows-ix86+x86_64 1.2.3 13.00 81.00 94.00 OK
r-oldrel-macos-x86_64 1.2.3 NOTE
r-oldrel-windows-ix86+x86_64 1.2.3 11.00 55.00 66.00 OK

Check Details

Version: 1.2.3
Check: dependencies in R code
Result: NOTE
    Namespace in Imports field not imported from: ‘grDevices’
     All declared Imports should be used.
Flavors: r-devel-linux-x86_64-fedora-clang, r-devel-linux-x86_64-fedora-gcc, r-devel-windows-x86_64-gcc10-UCRT, r-patched-solaris-x86, r-release-macos-x86_64, r-oldrel-macos-x86_64

Version: 1.2.3
Check: data for non-ASCII characters
Result: NOTE
     Note: found 5 marked UTF-8 strings
Flavors: r-devel-linux-x86_64-fedora-clang, r-devel-linux-x86_64-fedora-gcc, r-devel-windows-x86_64-gcc10-UCRT, r-patched-solaris-x86, r-release-macos-x86_64, r-oldrel-macos-x86_64