CRAN Package Check Results for Package mcemGLM

Last updated on 2021-01-25 22:49:11 CET.

Flavor Version Tinstall Tcheck Ttotal Status Flags
r-devel-linux-x86_64-debian-clang 1.1.1 804.26 62.86 867.12 OK --no-vignettes
r-devel-linux-x86_64-debian-gcc 1.1.1 504.41 47.45 551.86 OK --no-vignettes
r-devel-linux-x86_64-fedora-clang 1.1.1 1260.71 NOTE --no-vignettes
r-devel-linux-x86_64-fedora-gcc 1.1.1 1069.61 NOTE --no-vignettes
r-devel-windows-ix86+x86_64 1.1.1 1810.00 101.00 1911.00 NOTE --no-vignettes
r-patched-linux-x86_64 1.1.1 611.02 60.03 671.05 OK --no-vignettes
r-patched-solaris-x86 1.1.1 749.30 OK --no-vignettes
r-release-linux-x86_64 1.1.1 584.47 61.69 646.16 OK --no-vignettes
r-release-macos-x86_64 1.1.1 FAIL
r-release-windows-ix86+x86_64 1.1.1 1796.00 65.00 1861.00 NOTE --no-vignettes
r-oldrel-macos-x86_64 1.1.1 FAIL
r-oldrel-windows-ix86+x86_64 1.1.1 1346.00 81.00 1427.00 NOTE --no-vignettes

Check Details

Version: 1.1.1
Flags: --no-vignettes
Check: installed package size
Result: NOTE
     installed size is 17.1Mb
     sub-directories of 1Mb or more:
     doc 3.8Mb
     libs 13.0Mb
Flavors: r-devel-linux-x86_64-fedora-clang, r-devel-windows-ix86+x86_64, r-release-windows-ix86+x86_64, r-oldrel-windows-ix86+x86_64

Version: 1.1.1
Flags: --no-vignettes
Check: compiled code
Result: NOTE
    File ‘mcemGLM/libs/mcemGLM.so’:
     Found no calls to: ‘R_registerRoutines’, ‘R_useDynamicSymbols’
    
    It is good practice to register native routines and to disable symbol
    search.
    
    See ‘Writing portable packages’ in the ‘Writing R Extensions’ manual.
Flavors: r-devel-linux-x86_64-fedora-clang, r-devel-linux-x86_64-fedora-gcc

Version: 1.1.1
Check: installed package size
Result: NOTE
     installed size is 15.4Mb
     sub-directories of 1Mb or more:
     doc 3.8Mb
     libs 11.4Mb
Flavors: r-release-macos-x86_64, r-oldrel-macos-x86_64

Version: 1.1.1
Check: running R code from vignettes
Result: FAIL
Flavors: r-release-macos-x86_64, r-oldrel-macos-x86_64