CRAN Package Check Results for Package matrixStats

Last updated on 2021-02-27 09:50:20 CET.

Flavor Version Tinstall Tcheck Ttotal Status Flags
r-devel-linux-x86_64-debian-clang 0.58.0 164.01 201.59 365.60 OK
r-devel-linux-x86_64-debian-gcc 0.58.0 113.81 148.62 262.43 OK
r-devel-linux-x86_64-fedora-clang 0.58.0 479.27 NOTE
r-devel-linux-x86_64-fedora-gcc 0.58.0 451.85 OK
r-devel-windows-ix86+x86_64 0.58.0 325.00 340.00 665.00 NOTE
r-patched-linux-x86_64 0.58.0 127.62 193.26 320.88 OK
r-patched-solaris-x86 0.58.0 1072.10 NOTE
r-release-linux-x86_64 0.58.0 163.98 193.59 357.57 OK
r-release-macos-x86_64 0.58.0 NOTE
r-release-windows-ix86+x86_64 0.58.0 334.00 448.00 782.00 NOTE
r-oldrel-macos-x86_64 0.58.0 NOTE
r-oldrel-windows-ix86+x86_64 0.58.0 321.00 422.00 743.00 NOTE

Check Details

Version: 0.58.0
Check: installed package size
Result: NOTE
     installed size is 10.7Mb
     sub-directories of 1Mb or more:
     libs 9.9Mb
Flavors: r-devel-linux-x86_64-fedora-clang, r-devel-windows-ix86+x86_64, r-patched-solaris-x86, r-release-macos-x86_64, r-release-windows-ix86+x86_64, r-oldrel-macos-x86_64, r-oldrel-windows-ix86+x86_64