CRAN Package Check Results for Package markovchain

Last updated on 2021-04-17 10:50:06 CEST.

Flavor Version Tinstall Tcheck Ttotal Status Flags
r-devel-linux-x86_64-debian-clang 0.8.5-4 188.35 333.92 522.27 OK
r-devel-linux-x86_64-debian-gcc 0.8.5-4 122.87 234.88 357.75 OK
r-devel-linux-x86_64-fedora-clang 0.8.5-4 682.39 NOTE
r-devel-linux-x86_64-fedora-gcc 0.8.5-4 660.43 OK
r-devel-windows-ix86+x86_64 0.8.5-4 398.00 4.00 402.00 OK
r-devel-windows-x86_64-gcc10-UCRT 0.8.5-4 OK
r-patched-linux-x86_64 0.8.5-4 146.48 307.51 453.99 OK
r-patched-solaris-x86 0.8.5-4 621.50 OK
r-release-linux-x86_64 0.8.5-4 141.46 306.12 447.58 OK
r-release-macos-x86_64 0.8.5-4 NOTE
r-release-windows-ix86+x86_64 0.8.5-4 327.00 497.00 824.00 OK
r-oldrel-macos-x86_64 0.8.5-4 NOTE
r-oldrel-windows-ix86+x86_64 0.8.5-4 268.00 409.00 677.00 OK

Check Details

Version: 0.8.5-4
Check: installed package size
Result: NOTE
     installed size is 12.4Mb
     sub-directories of 1Mb or more:
     libs 10.7Mb
Flavors: r-devel-linux-x86_64-fedora-clang, r-release-macos-x86_64, r-oldrel-macos-x86_64

Version: 0.8.5-4
Check: whether package can be installed
Result: FAIL
Flavor: r-devel-windows-ix86+x86_64