Last updated on 2021-01-27 22:48:57 CET.
Flavor | Version | Tinstall | Tcheck | Ttotal | Status | Flags |
---|---|---|---|---|---|---|
r-devel-linux-x86_64-debian-clang | 0.2-5 | 95.37 | 66.99 | 162.36 | OK | |
r-devel-linux-x86_64-debian-gcc | 0.2-5 | OK | ||||
r-devel-linux-x86_64-fedora-clang | 0.2-5 | 226.37 | OK | |||
r-devel-linux-x86_64-fedora-gcc | 0.2-5 | 211.74 | OK | |||
r-devel-windows-ix86+x86_64 | 0.2-5 | 282.00 | 150.00 | 432.00 | NOTE | |
r-patched-linux-x86_64 | 0.2-5 | 83.23 | 62.20 | 145.43 | OK | |
r-patched-solaris-x86 | 0.2-5 | 219.30 | OK | |||
r-release-linux-x86_64 | 0.2-5 | 89.73 | 62.58 | 152.31 | OK | |
r-release-macos-x86_64 | 0.2-5 | NOTE | ||||
r-release-windows-ix86+x86_64 | 0.2-5 | 285.00 | 139.00 | 424.00 | NOTE | |
r-oldrel-macos-x86_64 | 0.2-5 | NOTE | ||||
r-oldrel-windows-ix86+x86_64 | 0.2-5 | 217.00 | 194.00 | 411.00 | NOTE |
Version: 0.2-5
Check: installed package size
Result: NOTE
installed size is 12.5Mb
sub-directories of 1Mb or more:
libs 12.4Mb
Flavors: r-devel-windows-ix86+x86_64, r-release-macos-x86_64, r-release-windows-ix86+x86_64, r-oldrel-macos-x86_64, r-oldrel-windows-ix86+x86_64