Last updated on 2021-03-08 22:50:27 CET.
Flavor | Version | Tinstall | Tcheck | Ttotal | Status | Flags |
---|---|---|---|---|---|---|
r-devel-linux-x86_64-debian-clang | 0.3.5 | 20.08 | 162.55 | 182.63 | OK | |
r-devel-linux-x86_64-debian-gcc | 0.3.5 | 15.13 | 117.05 | 132.18 | OK | |
r-devel-linux-x86_64-fedora-clang | 0.3.5 | 226.84 | OK | |||
r-devel-linux-x86_64-fedora-gcc | 0.3.5 | 209.63 | OK | |||
r-devel-windows-ix86+x86_64 | 0.3.5 | 45.00 | 132.00 | 177.00 | OK | |
r-devel-windows-x86_64-gcc10-UCRT | 0.3.5 | OK | ||||
r-patched-linux-x86_64 | 0.3.5 | 18.28 | 143.15 | 161.43 | OK | |
r-patched-solaris-x86 | 0.3.5 | 332.70 | ERROR | |||
r-release-linux-x86_64 | 0.3.5 | 18.26 | 144.25 | 162.51 | OK | |
r-release-macos-x86_64 | 0.3.5 | OK | ||||
r-release-windows-ix86+x86_64 | 0.3.5 | 35.00 | 185.00 | 220.00 | OK | |
r-oldrel-macos-x86_64 | 0.3.5 | OK | ||||
r-oldrel-windows-ix86+x86_64 | 0.3.5 | 27.00 | 123.00 | 150.00 | OK |
Version: 0.3.5
Check: examples
Result: ERROR
Running examples in ‘lvnet-Ex.R’ failed
The error most likely occurred in:
> ### Name: lvnet
> ### Title: Confirmatory Latent Variable Network Models
> ### Aliases: lvnet
>
> ### ** Examples
>
> # Load dataset:
> library("lavaan")
This is lavaan 0.6-7
lavaan is BETA software! Please report any bugs.
Attaching package: ‘lavaan’
The following object is masked from ‘package:OpenMx’:
vech
> data(HolzingerSwineford1939)
> Data <- HolzingerSwineford1939[,7:15]
>
> # Measurement model:
> Lambda <- matrix(0, 9, 3)
> Lambda[1:3,1] <- NA
> Lambda[4:6,2] <- NA
> Lambda[7:9,3] <- NA
>
> # Fit CFA model:
> CFA <- lvnet(Data, lambda = Lambda)
Error: C stack usage 330470548 is too close to the limit
Error: The job for model 'model' exited abnormally with the error message: User interrupt
Execution halted
Flavor: r-patched-solaris-x86