Last updated on 2021-01-22 09:48:41 CET.
Flavor | Version | Tinstall | Tcheck | Ttotal | Status | Flags |
---|---|---|---|---|---|---|
r-devel-linux-x86_64-debian-clang | 1.3.1 | 22.80 | 124.59 | 147.39 | OK | |
r-devel-linux-x86_64-debian-gcc | 1.3.1 | 17.34 | 93.90 | 111.24 | OK | |
r-devel-linux-x86_64-fedora-clang | 1.3.1 | 188.96 | OK | |||
r-devel-linux-x86_64-fedora-gcc | 1.3.1 | 179.48 | OK | |||
r-devel-windows-ix86+x86_64 | 1.3.1 | 30.00 | 114.00 | 144.00 | OK | |
r-patched-linux-x86_64 | 1.3.1 | 20.98 | 115.52 | 136.50 | OK | |
r-patched-solaris-x86 | 1.3.1 | 213.70 | OK | |||
r-release-linux-x86_64 | 1.3.1 | 19.55 | 117.52 | 137.07 | OK | |
r-release-macos-x86_64 | 1.3.1 | NOTE | ||||
r-release-windows-ix86+x86_64 | 1.3.1 | 22.00 | 144.00 | 166.00 | OK | |
r-oldrel-macos-x86_64 | 1.3.1 | NOTE | ||||
r-oldrel-windows-ix86+x86_64 | 1.3.1 | 19.00 | 101.00 | 120.00 | OK |
Version: 1.3.1
Check: package dependencies
Result: NOTE
Package suggested but not available for checking: ‘RDRToolbox’
Flavors: r-release-macos-x86_64, r-oldrel-macos-x86_64