CRAN Package Check Results for Package loon.data

Last updated on 2021-02-26 09:49:22 CET.

Flavor Version Tinstall Tcheck Ttotal Status Flags
r-devel-linux-x86_64-debian-clang 0.1.1 2.41 33.68 36.09 OK
r-devel-linux-x86_64-debian-gcc 0.1.1 1.86 26.42 28.28 OK
r-devel-linux-x86_64-fedora-clang 0.1.1 52.99 NOTE
r-devel-linux-x86_64-fedora-gcc 0.1.1 42.26 NOTE
r-devel-windows-ix86+x86_64 0.1.1 8.00 42.00 50.00 OK
r-patched-linux-x86_64 0.1.1 2.18 32.14 34.32 OK
r-patched-solaris-x86 0.1.1 66.80 NOTE
r-release-linux-x86_64 0.1.1 2.57 32.61 35.18 OK
r-release-macos-x86_64 0.1.1 NOTE
r-release-windows-ix86+x86_64 0.1.1 5.00 36.00 41.00 OK
r-oldrel-macos-x86_64 0.1.1 NOTE
r-oldrel-windows-ix86+x86_64 0.1.1 3.00 40.00 43.00 OK

Check Details

Version: 0.1.1
Check: data for non-ASCII characters
Result: NOTE
     Note: found 994 marked Latin-1 strings
Flavors: r-devel-linux-x86_64-fedora-clang, r-devel-linux-x86_64-fedora-gcc, r-patched-solaris-x86, r-release-macos-x86_64, r-oldrel-macos-x86_64