CRAN Package Check Results for Package longCatEDA

Last updated on 2024-02-27 09:53:59 CET.

Flavor Version Tinstall Tcheck Ttotal Status Flags
r-devel-linux-x86_64-debian-clang 0.31 2.57 35.69 38.26 NOTE
r-devel-linux-x86_64-debian-gcc 0.31 2.28 27.97 30.25 NOTE
r-devel-linux-x86_64-fedora-clang 0.31 54.45 NOTE
r-devel-linux-x86_64-fedora-gcc 0.31 47.66 NOTE
r-devel-windows-x86_64 0.31 4.00 52.00 56.00 NOTE
r-patched-linux-x86_64 0.31 3.42 35.72 39.14 OK
r-release-linux-x86_64 0.31 2.99 35.34 38.33 OK
r-release-macos-arm64 0.31 19.00 OK
r-release-macos-x86_64 0.31 27.00 OK
r-release-windows-x86_64 0.31 4.00 54.00 58.00 OK
r-oldrel-macos-arm64 0.31 22.00 OK
r-oldrel-windows-x86_64 0.31 5.00 58.00 63.00 OK

Check Details

Version: 0.31
Check: Rd contents
Result: NOTE Argument items with no description in Rd file 'norpt.Rd': ‘alist’ Flavors: r-devel-linux-x86_64-debian-clang, r-devel-linux-x86_64-debian-gcc, r-devel-linux-x86_64-fedora-clang, r-devel-linux-x86_64-fedora-gcc, r-devel-windows-x86_64