CRAN Package Check Results for Package localICE

Last updated on 2021-01-16 22:55:44 CET.

Flavor Version Tinstall Tcheck Ttotal Status Flags
r-devel-linux-x86_64-debian-clang 0.1.1 3.98 43.66 47.64 OK
r-devel-linux-x86_64-debian-gcc 0.1.1 2.88 36.40 39.28 OK
r-devel-linux-x86_64-fedora-clang 0.1.1 64.45 NOTE
r-devel-linux-x86_64-fedora-gcc 0.1.1 55.68 NOTE
r-devel-windows-ix86+x86_64 0.1.1 8.00 50.00 58.00 OK
r-patched-linux-x86_64 0.1.1 3.76 44.28 48.04 OK
r-patched-solaris-x86 0.1.1 82.60 NOTE
r-release-linux-x86_64 0.1.1 4.09 44.45 48.54 OK
r-release-macos-x86_64 0.1.1 NOTE
r-release-windows-ix86+x86_64 0.1.1 8.00 45.00 53.00 OK
r-oldrel-macos-x86_64 0.1.1 NOTE
r-oldrel-windows-ix86+x86_64 0.1.1 8.00 42.00 50.00 OK

Check Details

Version: 0.1.1
Check: dependencies in R code
Result: NOTE
    Namespace in Imports field not imported from: ‘checkmate’
     All declared Imports should be used.
Flavors: r-devel-linux-x86_64-fedora-clang, r-devel-linux-x86_64-fedora-gcc, r-patched-solaris-x86, r-release-macos-x86_64, r-oldrel-macos-x86_64