CRAN Package Check Results for Package lda

Last updated on 2021-03-08 22:50:27 CET.

Flavor Version Tinstall Tcheck Ttotal Status Flags
r-devel-linux-x86_64-debian-clang 1.4.2 4.95 42.75 47.70 OK
r-devel-linux-x86_64-debian-gcc 1.4.2 3.66 33.84 37.50 OK
r-devel-linux-x86_64-fedora-clang 1.4.2 69.02 NOTE
r-devel-linux-x86_64-fedora-gcc 1.4.2 57.02 NOTE
r-devel-windows-ix86+x86_64 1.4.2 12.00 56.00 68.00 OK
r-devel-windows-x86_64-gcc10-UCRT 1.4.2 OK
r-patched-linux-x86_64 1.4.2 4.69 41.61 46.30 OK
r-patched-solaris-x86 1.4.2 88.60 OK
r-release-linux-x86_64 1.4.2 4.63 41.79 46.42 OK
r-release-macos-x86_64 1.4.2 OK
r-release-windows-ix86+x86_64 1.4.2 10.00 79.00 89.00 OK
r-oldrel-macos-x86_64 1.4.2 OK
r-oldrel-windows-ix86+x86_64 1.4.2 11.00 55.00 66.00 OK

Check Details

Version: 1.4.2
Check: compiled code
Result: NOTE
    File ‘lda/libs/lda.so’:
     Found no calls to: ‘R_registerRoutines’, ‘R_useDynamicSymbols’
    
    It is good practice to register native routines and to disable symbol
    search.
    
    See ‘Writing portable packages’ in the ‘Writing R Extensions’ manual.
Flavors: r-devel-linux-x86_64-fedora-clang, r-devel-linux-x86_64-fedora-gcc