CRAN Package Check Results for Package lava

Last updated on 2021-01-27 22:48:57 CET.

Flavor Version Tinstall Tcheck Ttotal Status Flags
r-devel-linux-x86_64-debian-clang 1.6.8.1 41.14 389.19 430.33 NOTE
r-devel-linux-x86_64-debian-gcc 1.6.8.1 NOTE
r-devel-linux-x86_64-fedora-clang 1.6.8.1 496.07 NOTE
r-devel-linux-x86_64-fedora-gcc 1.6.8.1 501.88 NOTE
r-devel-windows-ix86+x86_64 1.6.8.1 63.00 444.00 507.00 OK
r-patched-linux-x86_64 1.6.8.1 40.29 354.77 395.06 NOTE
r-patched-solaris-x86 1.6.8.1 586.10 NOTE
r-release-linux-x86_64 1.6.8.1 36.09 358.48 394.57 NOTE
r-release-macos-x86_64 1.6.8.1 OK
r-release-windows-ix86+x86_64 1.6.8.1 64.00 324.00 388.00 OK
r-oldrel-macos-x86_64 1.6.8.1 OK
r-oldrel-windows-ix86+x86_64 1.6.8.1 60.00 430.00 490.00 OK

Check Details

Version: 1.6.8.1
Check: package dependencies
Result: NOTE
    Packages suggested but not available for checking: 'gof', 'lava.tobit'
Flavors: r-devel-linux-x86_64-debian-clang, r-devel-linux-x86_64-debian-gcc, r-devel-linux-x86_64-fedora-clang, r-devel-linux-x86_64-fedora-gcc, r-patched-linux-x86_64, r-patched-solaris-x86, r-release-linux-x86_64