Last updated on 2021-01-24 09:49:09 CET.
Flavor | Version | Tinstall | Tcheck | Ttotal | Status | Flags |
---|---|---|---|---|---|---|
r-devel-linux-x86_64-debian-clang | 2.1.2 | 12.09 | 172.17 | 184.26 | OK | |
r-devel-linux-x86_64-debian-gcc | 2.1.2 | 10.56 | 124.48 | 135.04 | OK | |
r-devel-linux-x86_64-fedora-clang | 2.1.2 | 228.57 | NOTE | |||
r-devel-linux-x86_64-fedora-gcc | 2.1.2 | 248.92 | NOTE | |||
r-devel-windows-ix86+x86_64 | 2.1.2 | 25.00 | 151.00 | 176.00 | OK | |
r-patched-linux-x86_64 | 2.1.2 | 12.77 | 155.49 | 168.26 | OK | |
r-patched-solaris-x86 | 2.1.2 | 272.80 | NOTE | |||
r-release-linux-x86_64 | 2.1.2 | 14.07 | 156.82 | 170.89 | OK | |
r-release-macos-x86_64 | 2.1.2 | NOTE | ||||
r-release-windows-ix86+x86_64 | 2.1.2 | 30.00 | 210.00 | 240.00 | OK | |
r-oldrel-macos-x86_64 | 2.1.2 | NOTE | ||||
r-oldrel-windows-ix86+x86_64 | 2.1.2 | 18.00 | 213.00 | 231.00 | OK |
Version: 2.1.2
Check: Rd cross-references
Result: NOTE
Undeclared package ‘arm’ in Rd xrefs
Flavor: r-devel-linux-x86_64-fedora-clang
Version: 2.1.2
Check: data for non-ASCII characters
Result: NOTE
Note: found 91 marked UTF-8 strings
Flavors: r-devel-linux-x86_64-fedora-clang, r-devel-linux-x86_64-fedora-gcc, r-patched-solaris-x86, r-release-macos-x86_64, r-oldrel-macos-x86_64