Last updated on 2021-03-08 09:47:44 CET.
Flavor | Version | Tinstall | Tcheck | Ttotal | Status | Flags |
---|---|---|---|---|---|---|
r-devel-linux-x86_64-debian-clang | 2.0.1 | 11.95 | 186.50 | 198.45 | OK | |
r-devel-linux-x86_64-debian-gcc | 2.0.1 | 8.63 | 142.25 | 150.88 | OK | |
r-devel-linux-x86_64-fedora-clang | 2.0.1 | 256.87 | NOTE | |||
r-devel-linux-x86_64-fedora-gcc | 2.0.1 | 228.87 | NOTE | |||
r-devel-windows-ix86+x86_64 | 2.0.1 | 27.00 | 252.00 | 279.00 | OK | |
r-devel-windows-x86_64-gcc10-UCRT | 2.0.1 | NOTE | ||||
r-patched-linux-x86_64 | 2.0.1 | 9.92 | 179.47 | 189.39 | OK | |
r-patched-solaris-x86 | 2.0.1 | 331.10 | NOTE | |||
r-release-linux-x86_64 | 2.0.1 | 11.89 | 181.26 | 193.15 | OK | |
r-release-macos-x86_64 | 2.0.1 | NOTE | ||||
r-release-windows-ix86+x86_64 | 2.0.1 | 21.00 | 188.00 | 209.00 | OK | |
r-oldrel-macos-x86_64 | 2.0.1 | NOTE | ||||
r-oldrel-windows-ix86+x86_64 | 2.0.1 | 15.00 | 175.00 | 190.00 | OK |
Version: 2.0.1
Check: data for non-ASCII characters
Result: NOTE
Note: found 176 marked UTF-8 strings
Flavors: r-devel-linux-x86_64-fedora-clang, r-devel-linux-x86_64-fedora-gcc, r-devel-windows-x86_64-gcc10-UCRT, r-patched-solaris-x86, r-release-macos-x86_64, r-oldrel-macos-x86_64