CRAN Package Check Results for Package ivitr

Last updated on 2021-01-25 22:49:08 CET.

Flavor Version Tinstall Tcheck Ttotal Status Flags
r-devel-linux-x86_64-debian-clang 0.1.0 2.30 34.87 37.17 NOTE
r-devel-linux-x86_64-debian-gcc 0.1.0 1.81 27.90 29.71 NOTE
r-devel-linux-x86_64-fedora-clang 0.1.0 54.67 NOTE
r-devel-linux-x86_64-fedora-gcc 0.1.0 43.91 NOTE
r-devel-windows-ix86+x86_64 0.1.0 5.00 43.00 48.00 NOTE
r-patched-linux-x86_64 0.1.0 2.34 34.12 36.46 NOTE
r-patched-solaris-x86 0.1.0 67.00 NOTE
r-release-linux-x86_64 0.1.0 2.06 33.76 35.82 NOTE
r-release-macos-x86_64 0.1.0 NOTE
r-release-windows-ix86+x86_64 0.1.0 5.00 39.00 44.00 NOTE
r-oldrel-macos-x86_64 0.1.0 NOTE
r-oldrel-windows-ix86+x86_64 0.1.0 3.00 50.00 53.00 NOTE

Check Details

Version: 0.1.0
Check: package dependencies
Result: NOTE
    Package suggested but not available for checking: 'locClass'
Flavors: r-devel-linux-x86_64-debian-clang, r-devel-linux-x86_64-debian-gcc, r-devel-linux-x86_64-fedora-clang, r-devel-linux-x86_64-fedora-gcc, r-devel-windows-ix86+x86_64, r-patched-linux-x86_64, r-patched-solaris-x86, r-release-linux-x86_64, r-release-macos-x86_64, r-release-windows-ix86+x86_64, r-oldrel-macos-x86_64, r-oldrel-windows-ix86+x86_64