CRAN Package Check Results for Package inca

Last updated on 2024-02-27 09:53:58 CET.

Flavor Version Tinstall Tcheck Ttotal Status Flags
r-devel-linux-x86_64-debian-clang 0.0.4 48.25 66.74 114.99 NOTE
r-devel-linux-x86_64-debian-gcc 0.0.4 34.42 52.97 87.39 NOTE
r-devel-linux-x86_64-fedora-clang 0.0.4 146.07 NOTE
r-devel-linux-x86_64-fedora-gcc 0.0.4 149.06 NOTE
r-devel-windows-x86_64 0.0.4 34.00 87.00 121.00 NOTE
r-patched-linux-x86_64 0.0.4 40.08 67.50 107.58 NOTE
r-release-linux-x86_64 0.0.4 44.94 66.70 111.64 NOTE
r-release-macos-arm64 0.0.4 46.00 NOTE
r-release-macos-x86_64 0.0.4 78.00 NOTE
r-release-windows-x86_64 0.0.4 44.00 102.00 146.00 NOTE
r-oldrel-macos-arm64 0.0.4 45.00 NOTE
r-oldrel-windows-x86_64 0.0.4 40.00 103.00 143.00 OK

Check Details

Version: 0.0.4
Check: C++ specification
Result: NOTE Specified C++11: please drop specification unless essential Flavors: r-devel-linux-x86_64-debian-clang, r-devel-linux-x86_64-debian-gcc, r-devel-linux-x86_64-fedora-clang, r-devel-linux-x86_64-fedora-gcc, r-devel-windows-x86_64, r-patched-linux-x86_64, r-release-linux-x86_64, r-release-macos-arm64, r-release-macos-x86_64, r-release-windows-x86_64

Version: 0.0.4
Check: installed package size
Result: NOTE installed size is 5.0Mb sub-directories of 1Mb or more: libs 4.9Mb Flavors: r-release-macos-arm64, r-release-macos-x86_64, r-oldrel-macos-arm64