Last updated on 2021-01-25 22:49:08 CET.
Flavor | Version | Tinstall | Tcheck | Ttotal | Status | Flags |
---|---|---|---|---|---|---|
r-devel-linux-x86_64-debian-clang | 0.1.0 | 72.05 | 28.50 | 100.55 | OK | |
r-devel-linux-x86_64-debian-gcc | 0.1.0 | 47.23 | 22.11 | 69.34 | OK | |
r-devel-linux-x86_64-fedora-clang | 0.1.0 | 143.36 | NOTE | |||
r-devel-linux-x86_64-fedora-gcc | 0.1.0 | 122.84 | OK | |||
r-devel-windows-ix86+x86_64 | 0.1.0 | 172.00 | 66.00 | 238.00 | NOTE | |
r-patched-linux-x86_64 | 0.1.0 | 56.18 | 26.93 | 83.11 | OK | |
r-patched-solaris-x86 | 0.1.0 | 129.20 | NOTE | |||
r-release-linux-x86_64 | 0.1.0 | 57.19 | 26.81 | 84.00 | OK | |
r-release-macos-x86_64 | 0.1.0 | NOTE | ||||
r-release-windows-ix86+x86_64 | 0.1.0 | 173.00 | 60.00 | 233.00 | NOTE | |
r-oldrel-macos-x86_64 | 0.1.0 | NOTE | ||||
r-oldrel-windows-ix86+x86_64 | 0.1.0 | 140.00 | 80.00 | 220.00 | NOTE |
Version: 0.1.0
Check: installed package size
Result: NOTE
installed size is 14.3Mb
sub-directories of 1Mb or more:
dlib-19.20 9.3Mb
libs 4.4Mb
Flavors: r-devel-linux-x86_64-fedora-clang, r-devel-windows-ix86+x86_64, r-patched-solaris-x86, r-release-macos-x86_64, r-release-windows-ix86+x86_64, r-oldrel-macos-x86_64, r-oldrel-windows-ix86+x86_64