Last updated on 2021-02-26 09:49:20 CET.
Flavor | Version | Tinstall | Tcheck | Ttotal | Status | Flags |
---|---|---|---|---|---|---|
r-devel-linux-x86_64-debian-clang | 1.1 | 11.11 | 124.51 | 135.62 | OK | |
r-devel-linux-x86_64-debian-gcc | 1.1 | 10.45 | 93.77 | 104.22 | OK | |
r-devel-linux-x86_64-fedora-clang | 1.1 | 170.82 | OK | |||
r-devel-linux-x86_64-fedora-gcc | 1.1 | 160.34 | OK | |||
r-devel-windows-ix86+x86_64 | 1.1 | 21.00 | 156.00 | 177.00 | OK | |
r-patched-linux-x86_64 | 1.1 | 10.10 | 114.65 | 124.75 | OK | |
r-patched-solaris-x86 | 1.1 | 235.30 | OK | |||
r-release-linux-x86_64 | 1.1 | 11.70 | 116.01 | 127.71 | OK | |
r-release-macos-x86_64 | 1.1 | OK | ||||
r-release-windows-ix86+x86_64 | 1.1 | 30.00 | 5.00 | 35.00 | ERROR | |
r-oldrel-macos-x86_64 | 1.1 | OK | ||||
r-oldrel-windows-ix86+x86_64 | 1.1 | 18.00 | 198.00 | 216.00 | OK |
Version: 1.1
Check: whether package can be installed
Result: ERROR
Installation failed.
Flavor: r-release-windows-ix86+x86_64