CRAN Package Check Results for Package iSTATS

Last updated on 2021-01-16 22:55:43 CET.

Flavor Version Tinstall Tcheck Ttotal Status Flags
r-devel-linux-x86_64-debian-clang 1.5 7.07 55.41 62.48 OK
r-devel-linux-x86_64-debian-gcc 1.5 5.84 45.25 51.09 OK
r-devel-linux-x86_64-fedora-clang 1.5 82.64 NOTE
r-devel-linux-x86_64-fedora-gcc 1.5 72.88 OK
r-devel-windows-ix86+x86_64 1.5 13.00 63.00 76.00 NOTE
r-patched-linux-x86_64 1.5 7.36 55.74 63.10 OK
r-patched-solaris-x86 1.5 111.50 NOTE
r-release-linux-x86_64 1.5 6.18 55.75 61.93 OK
r-release-macos-x86_64 1.5 NOTE
r-release-windows-ix86+x86_64 1.5 15.00 61.00 76.00 NOTE
r-oldrel-macos-x86_64 1.5 NOTE
r-oldrel-windows-ix86+x86_64 1.5 14.00 51.00 65.00 NOTE

Check Details

Version: 1.5
Check: installed package size
Result: NOTE
     installed size is 5.9Mb
     sub-directories of 1Mb or more:
     app 4.3Mb
     data 1.6Mb
Flavors: r-devel-linux-x86_64-fedora-clang, r-devel-windows-ix86+x86_64, r-patched-solaris-x86, r-release-macos-x86_64, r-release-windows-ix86+x86_64, r-oldrel-macos-x86_64, r-oldrel-windows-ix86+x86_64