Last updated on 2021-01-22 09:48:38 CET.
Flavor | Version | Tinstall | Tcheck | Ttotal | Status | Flags |
---|---|---|---|---|---|---|
r-devel-linux-x86_64-debian-clang | 1.3.1 | 5.20 | 395.62 | 400.82 | OK | |
r-devel-linux-x86_64-debian-gcc | 1.3.1 | 5.03 | 291.17 | 296.20 | OK | |
r-devel-linux-x86_64-fedora-clang | 1.3.1 | 471.97 | OK | |||
r-devel-linux-x86_64-fedora-gcc | 1.3.1 | 457.50 | OK | |||
r-devel-windows-ix86+x86_64 | 1.3.1 | 16.00 | 546.00 | 562.00 | OK | |
r-patched-linux-x86_64 | 1.3.1 | 4.48 | 368.24 | 372.72 | OK | |
r-patched-solaris-x86 | 1.3.1 | 678.30 | WARN | |||
r-release-linux-x86_64 | 1.3.1 | 5.26 | 367.89 | 373.15 | OK | |
r-release-macos-x86_64 | 1.3.1 | WARN | ||||
r-release-windows-ix86+x86_64 | 1.3.1 | 30.00 | 547.00 | 577.00 | OK | |
r-oldrel-macos-x86_64 | 1.3.1 | WARN | ||||
r-oldrel-windows-ix86+x86_64 | 1.3.1 | 8.00 | 415.00 | 423.00 | OK |
Version: 1.3.1
Check: re-building of vignette outputs
Result: WARN
Error(s) in re-building vignettes:
...
--- re-building ‘vignette_iBreakDown_classification.Rmd’ using rmarkdown
Warning in engine$weave(file, quiet = quiet, encoding = enc) :
Pandoc (>= 1.12.3) and/or pandoc-citeproc not available. Falling back to R Markdown v1.
Welcome to DALEX (version: 2.0.1).
Find examples and detailed introduction at: https://pbiecek.github.io/ema/
Additional features will be available after installation of: ggpubr.
Use 'install_dependencies()' to get all suggested dependencies
Warning: `fun.y` is deprecated. Use `fun` instead.
randomForest 4.6-14
Type rfNews() to see new features/changes/bug fixes.
Quitting from lines 98-112 (vignette_iBreakDown_classification.Rmd)
Error: processing vignette 'vignette_iBreakDown_classification.Rmd' failed with diagnostics:
there is no package called 'webshot'
--- failed re-building ‘vignette_iBreakDown_classification.Rmd’
--- re-building ‘vignette_iBreakDown_description.Rmd’ using rmarkdown
Warning in engine$weave(file, quiet = quiet, encoding = enc) :
Pandoc (>= 1.12.3) and/or pandoc-citeproc not available. Falling back to R Markdown v1.
Welcome to DALEX (version: 2.0.1).
Find examples and detailed introduction at: https://pbiecek.github.io/ema/
Additional features will be available after installation of: ggpubr.
Use 'install_dependencies()' to get all suggested dependencies
randomForest 4.6-14
Type rfNews() to see new features/changes/bug fixes.
Warning in randomForest.default(m, y, ...) :
The response has five or fewer unique values. Are you sure you want to do regression?
--- finished re-building ‘vignette_iBreakDown_description.Rmd’
--- re-building ‘vignette_iBreakDown_regression.Rmd’ using rmarkdown
Warning in engine$weave(file, quiet = quiet, encoding = enc) :
Pandoc (>= 1.12.3) and/or pandoc-citeproc not available. Falling back to R Markdown v1.
Welcome to DALEX (version: 2.0.1).
Find examples and detailed introduction at: https://pbiecek.github.io/ema/
Additional features will be available after installation of: ggpubr.
Use 'install_dependencies()' to get all suggested dependencies
Warning: `fun.y` is deprecated. Use `fun` instead.
randomForest 4.6-14
Type rfNews() to see new features/changes/bug fixes.
--- finished re-building ‘vignette_iBreakDown_regression.Rmd’
--- re-building ‘vignette_iBreakDown_titanic.Rmd’ using rmarkdown
Warning in engine$weave(file, quiet = quiet, encoding = enc) :
Pandoc (>= 1.12.3) and/or pandoc-citeproc not available. Falling back to R Markdown v1.
Welcome to DALEX (version: 2.0.1).
Find examples and detailed introduction at: https://pbiecek.github.io/ema/
Additional features will be available after installation of: ggpubr.
Use 'install_dependencies()' to get all suggested dependencies
randomForest 4.6-14
Type rfNews() to see new features/changes/bug fixes.
Warning in randomForest.default(m, y, ...) :
The response has five or fewer unique values. Are you sure you want to do regression?
Quitting from lines 91-92 (vignette_iBreakDown_titanic.Rmd)
Error: processing vignette 'vignette_iBreakDown_titanic.Rmd' failed with diagnostics:
there is no package called 'webshot'
--- failed re-building ‘vignette_iBreakDown_titanic.Rmd’
SUMMARY: processing the following files failed:
‘vignette_iBreakDown_classification.Rmd’
‘vignette_iBreakDown_titanic.Rmd’
Error: Vignette re-building failed.
Execution halted
Flavor: r-patched-solaris-x86
Version: 1.3.1
Check: re-building of vignette outputs
Result: WARN
Error(s) in re-building vignettes:
--- re-building ‘vignette_iBreakDown_classification.Rmd’ using rmarkdown
Warning in engine$weave(file, quiet = quiet, encoding = enc) :
Pandoc (>= 1.12.3) and/or pandoc-citeproc not available. Falling back to R Markdown v1.
Welcome to DALEX (version: 1.3.0).
Find examples and detailed introduction at: https://pbiecek.github.io/ema/
Warning: `fun.y` is deprecated. Use `fun` instead.
randomForest 4.6-14
Type rfNews() to see new features/changes/bug fixes.
PhantomJS not found. You can install it with webshot::install_phantomjs(). If it is installed, please make sure the phantomjs executable can be found via the PATH variable.
Warning in normalizePath(f2) :
path[1]="webshot124761724d546.png": No such file or directory
Warning in file(con, "rb") :
cannot open file 'webshot124761724d546.png': No such file or directory
Quitting from lines 98-112 (vignette_iBreakDown_classification.Rmd)
Error: processing vignette 'vignette_iBreakDown_classification.Rmd' failed with diagnostics:
cannot open the connection
--- failed re-building ‘vignette_iBreakDown_classification.Rmd’
--- re-building ‘vignette_iBreakDown_description.Rmd’ using rmarkdown
Warning in engine$weave(file, quiet = quiet, encoding = enc) :
Pandoc (>= 1.12.3) and/or pandoc-citeproc not available. Falling back to R Markdown v1.
Welcome to DALEX (version: 1.3.0).
Find examples and detailed introduction at: https://pbiecek.github.io/ema/
randomForest 4.6-14
Type rfNews() to see new features/changes/bug fixes.
Warning in randomForest.default(m, y, ...) :
The response has five or fewer unique values. Are you sure you want to do regression?
--- finished re-building ‘vignette_iBreakDown_description.Rmd’
--- re-building ‘vignette_iBreakDown_regression.Rmd’ using rmarkdown
Warning in engine$weave(file, quiet = quiet, encoding = enc) :
Pandoc (>= 1.12.3) and/or pandoc-citeproc not available. Falling back to R Markdown v1.
Welcome to DALEX (version: 1.3.0).
Find examples and detailed introduction at: https://pbiecek.github.io/ema/
Warning: `fun.y` is deprecated. Use `fun` instead.
randomForest 4.6-14
Type rfNews() to see new features/changes/bug fixes.
--- finished re-building ‘vignette_iBreakDown_regression.Rmd’
--- re-building ‘vignette_iBreakDown_titanic.Rmd’ using rmarkdown
Warning in engine$weave(file, quiet = quiet, encoding = enc) :
Pandoc (>= 1.12.3) and/or pandoc-citeproc not available. Falling back to R Markdown v1.
Welcome to DALEX (version: 1.3.0).
Find examples and detailed introduction at: https://pbiecek.github.io/ema/
randomForest 4.6-14
Type rfNews() to see new features/changes/bug fixes.
Warning in randomForest.default(m, y, ...) :
The response has five or fewer unique values. Are you sure you want to do regression?
PhantomJS not found. You can install it with webshot::install_phantomjs(). If it is installed, please make sure the phantomjs executable can be found via the PATH variable.
Warning in normalizePath(f2) :
path[1]="webshot1380d10eb5366.png": No such file or directory
Warning in file(con, "rb") :
cannot open file 'webshot1380d10eb5366.png': No such file or directory
Quitting from lines 91-92 (vignette_iBreakDown_titanic.Rmd)
Error: processing vignette 'vignette_iBreakDown_titanic.Rmd' failed with diagnostics:
cannot open the connection
--- failed re-building ‘vignette_iBreakDown_titanic.Rmd’
SUMMARY: processing the following files failed:
‘vignette_iBreakDown_classification.Rmd’
‘vignette_iBreakDown_titanic.Rmd’
Error: Vignette re-building failed.
Execution halted
Flavor: r-release-macos-x86_64
Version: 1.3.1
Check: re-building of vignette outputs
Result: WARN
Error(s) in re-building vignettes:
--- re-building ‘vignette_iBreakDown_classification.Rmd’ using rmarkdown
Warning in engine$weave(file, quiet = quiet, encoding = enc) :
Pandoc (>= 1.12.3) and/or pandoc-citeproc not available. Falling back to R Markdown v1.
Welcome to DALEX (version: 1.3.0).
Find examples and detailed introduction at: https://pbiecek.github.io/ema/
Warning: `fun.y` is deprecated. Use `fun` instead.
randomForest 4.6-14
Type rfNews() to see new features/changes/bug fixes.
PhantomJS not found. You can install it with webshot::install_phantomjs(). If it is installed, please make sure the phantomjs executable can be found via the PATH variable.
Warning in normalizePath(f2) :
path[1]="webshot4dcd48e46f2.png": No such file or directory
Warning in file(con, "rb") :
cannot open file 'webshot4dcd48e46f2.png': No such file or directory
Quitting from lines 98-112 (vignette_iBreakDown_classification.Rmd)
Error: processing vignette 'vignette_iBreakDown_classification.Rmd' failed with diagnostics:
cannot open the connection
--- failed re-building ‘vignette_iBreakDown_classification.Rmd’
--- re-building ‘vignette_iBreakDown_description.Rmd’ using rmarkdown
Warning in engine$weave(file, quiet = quiet, encoding = enc) :
Pandoc (>= 1.12.3) and/or pandoc-citeproc not available. Falling back to R Markdown v1.
Welcome to DALEX (version: 1.3.0).
Find examples and detailed introduction at: https://pbiecek.github.io/ema/
randomForest 4.6-14
Type rfNews() to see new features/changes/bug fixes.
Warning in randomForest.default(m, y, ...) :
The response has five or fewer unique values. Are you sure you want to do regression?
--- finished re-building ‘vignette_iBreakDown_description.Rmd’
--- re-building ‘vignette_iBreakDown_regression.Rmd’ using rmarkdown
Warning in engine$weave(file, quiet = quiet, encoding = enc) :
Pandoc (>= 1.12.3) and/or pandoc-citeproc not available. Falling back to R Markdown v1.
Welcome to DALEX (version: 1.3.0).
Find examples and detailed introduction at: https://pbiecek.github.io/ema/
Warning: `fun.y` is deprecated. Use `fun` instead.
randomForest 4.6-14
Type rfNews() to see new features/changes/bug fixes.
--- finished re-building ‘vignette_iBreakDown_regression.Rmd’
--- re-building ‘vignette_iBreakDown_titanic.Rmd’ using rmarkdown
Warning in engine$weave(file, quiet = quiet, encoding = enc) :
Pandoc (>= 1.12.3) and/or pandoc-citeproc not available. Falling back to R Markdown v1.
Welcome to DALEX (version: 1.3.0).
Find examples and detailed introduction at: https://pbiecek.github.io/ema/
randomForest 4.6-14
Type rfNews() to see new features/changes/bug fixes.
Warning in randomForest.default(m, y, ...) :
The response has five or fewer unique values. Are you sure you want to do regression?
PhantomJS not found. You can install it with webshot::install_phantomjs(). If it is installed, please make sure the phantomjs executable can be found via the PATH variable.
Warning in normalizePath(f2) :
path[1]="webshot4df314d264c2.png": No such file or directory
Warning in file(con, "rb") :
cannot open file 'webshot4df314d264c2.png': No such file or directory
Quitting from lines 91-92 (vignette_iBreakDown_titanic.Rmd)
Error: processing vignette 'vignette_iBreakDown_titanic.Rmd' failed with diagnostics:
cannot open the connection
--- failed re-building ‘vignette_iBreakDown_titanic.Rmd’
SUMMARY: processing the following files failed:
‘vignette_iBreakDown_classification.Rmd’
‘vignette_iBreakDown_titanic.Rmd’
Error: Vignette re-building failed.
Execution halted
Flavor: r-oldrel-macos-x86_64