CRAN Package Check Results for Package hystReet

Last updated on 2021-01-16 22:55:42 CET.

Flavor Version Tinstall Tcheck Ttotal Status Flags
r-devel-linux-x86_64-debian-clang 0.0.2 3.82 42.01 45.83 OK
r-devel-linux-x86_64-debian-gcc 0.0.2 3.11 33.09 36.20 OK
r-devel-linux-x86_64-fedora-clang 0.0.2 64.04 NOTE
r-devel-linux-x86_64-fedora-gcc 0.0.2 54.88 NOTE
r-devel-windows-ix86+x86_64 0.0.2 8.00 52.00 60.00 OK
r-patched-linux-x86_64 0.0.2 3.69 40.05 43.74 OK
r-patched-solaris-x86 0.0.2 78.70 NOTE
r-release-linux-x86_64 0.0.2 3.99 40.26 44.25 OK
r-release-macos-x86_64 0.0.2 NOTE
r-release-windows-ix86+x86_64 0.0.2 9.00 52.00 61.00 OK
r-oldrel-macos-x86_64 0.0.2 NOTE
r-oldrel-windows-ix86+x86_64 0.0.2 8.00 47.00 55.00 OK

Check Details

Version: 0.0.2
Check: data for non-ASCII characters
Result: NOTE
     Note: found 26215 marked UTF-8 strings
Flavors: r-devel-linux-x86_64-fedora-clang, r-devel-linux-x86_64-fedora-gcc, r-patched-solaris-x86, r-release-macos-x86_64, r-oldrel-macos-x86_64