Last updated on 2021-01-25 22:49:08 CET.
Flavor | Version | Tinstall | Tcheck | Ttotal | Status | Flags |
---|---|---|---|---|---|---|
r-devel-linux-x86_64-debian-clang | 0.1.0 | 17.54 | 159.53 | 177.07 | OK | |
r-devel-linux-x86_64-debian-gcc | 0.1.0 | 12.93 | 115.54 | 128.47 | OK | |
r-devel-linux-x86_64-fedora-clang | 0.1.0 | 216.87 | NOTE | |||
r-devel-linux-x86_64-fedora-gcc | 0.1.0 | 205.77 | OK | |||
r-devel-windows-ix86+x86_64 | 0.1.0 | 34.00 | 162.00 | 196.00 | NOTE | |
r-patched-linux-x86_64 | 0.1.0 | 15.39 | 153.25 | 168.64 | OK | |
r-patched-solaris-x86 | 0.1.0 | 270.80 | NOTE | |||
r-release-linux-x86_64 | 0.1.0 | 16.70 | 149.94 | 166.64 | OK | |
r-release-macos-x86_64 | 0.1.0 | NOTE | ||||
r-release-windows-ix86+x86_64 | 0.1.0 | 33.00 | 142.00 | 175.00 | NOTE | |
r-oldrel-macos-x86_64 | 0.1.0 | NOTE | ||||
r-oldrel-windows-ix86+x86_64 | 0.1.0 | 23.00 | 192.00 | 215.00 | NOTE |
Version: 0.1.0
Check: installed package size
Result: NOTE
installed size is 5.3Mb
sub-directories of 1Mb or more:
extdata 4.8Mb
Flavors: r-devel-linux-x86_64-fedora-clang, r-devel-windows-ix86+x86_64, r-patched-solaris-x86, r-release-macos-x86_64, r-release-windows-ix86+x86_64, r-oldrel-macos-x86_64, r-oldrel-windows-ix86+x86_64