CRAN Package Check Results for Package gt

Last updated on 2021-02-26 22:47:22 CET.

Flavor Version Tinstall Tcheck Ttotal Status Flags
r-devel-linux-x86_64-debian-clang 0.2.2 15.06 271.33 286.39 OK
r-devel-linux-x86_64-debian-gcc 0.2.2 13.40 201.63 215.03 OK
r-devel-linux-x86_64-fedora-clang 0.2.2 325.26 NOTE
r-devel-linux-x86_64-fedora-gcc 0.2.2 322.61 NOTE
r-devel-windows-ix86+x86_64 0.2.2 21.00 225.00 246.00 NOTE
r-patched-linux-x86_64 0.2.2 15.19 265.39 280.58 OK
r-patched-solaris-x86 0.2.2 393.10 NOTE
r-release-linux-x86_64 0.2.2 14.70 264.06 278.76 OK
r-release-macos-x86_64 0.2.2 NOTE
r-release-windows-ix86+x86_64 0.2.2 30.00 335.00 365.00 NOTE
r-oldrel-macos-x86_64 0.2.2 NOTE
r-oldrel-windows-ix86+x86_64 0.2.2 20.00 305.00 325.00 NOTE

Check Details

Version: 0.2.2
Check: installed package size
Result: NOTE
     installed size is 6.1Mb
     sub-directories of 1Mb or more:
     help 4.0Mb
Flavors: r-devel-linux-x86_64-fedora-clang, r-devel-windows-ix86+x86_64, r-patched-solaris-x86, r-release-macos-x86_64, r-release-windows-ix86+x86_64, r-oldrel-macos-x86_64, r-oldrel-windows-ix86+x86_64

Version: 0.2.2
Check: data for non-ASCII characters
Result: NOTE
     Note: found 116 marked UTF-8 strings
Flavors: r-devel-linux-x86_64-fedora-clang, r-devel-linux-x86_64-fedora-gcc, r-patched-solaris-x86, r-release-macos-x86_64, r-oldrel-macos-x86_64