CRAN Package Check Results for Package grobblR

Last updated on 2021-01-20 22:48:13 CET.

Flavor Version Tinstall Tcheck Ttotal Status Flags
r-devel-linux-x86_64-debian-clang 0.2.0 8.52 140.14 148.66 OK
r-devel-linux-x86_64-debian-gcc 0.2.0 7.53 105.53 113.06 OK
r-devel-linux-x86_64-fedora-clang 0.2.0 178.08 OK
r-devel-linux-x86_64-fedora-gcc 0.2.0 173.45 OK
r-devel-windows-ix86+x86_64 0.2.0 13.00 184.00 197.00 WARN
r-patched-linux-x86_64 0.2.0 7.51 138.73 146.24 OK
r-patched-solaris-x86 0.2.0 225.70 OK
r-release-linux-x86_64 0.2.0 8.19 139.82 148.01 OK
r-release-macos-x86_64 0.2.0 OK
r-release-windows-ix86+x86_64 0.2.0 23.00 216.00 239.00 WARN
r-oldrel-macos-x86_64 0.2.0 OK
r-oldrel-windows-ix86+x86_64 0.2.0 11.00 164.00 175.00 WARN

Check Details

Version: 0.2.0
Check: re-building of vignette outputs
Result: WARN
    Error(s) in re-building vignettes:
    --- re-building 'grob_layout.Rmd' using rmarkdown
    --- finished re-building 'grob_layout.Rmd'
    
    --- re-building 'grob_matrix.Rmd' using rmarkdown
    --- finished re-building 'grob_matrix.Rmd'
    
    --- re-building 'grobblR.Rmd' using rmarkdown
    Quitting from lines 260-278 (grobblR.Rmd)
    Error: processing vignette 'grobblR.Rmd' failed with diagnostics:
    The object passed through grob_image() must either be a ggplot object, an existing URL to a .png image or an existing local file path to a .png image.
    --- failed re-building 'grobblR.Rmd'
    
    SUMMARY: processing the following file failed:
     'grobblR.Rmd'
    
    Error: Vignette re-building failed.
    Execution halted
Flavors: r-devel-windows-ix86+x86_64, r-release-windows-ix86+x86_64, r-oldrel-windows-ix86+x86_64