Last updated on 2021-01-20 09:49:46 CET.
Flavor | Version | Tinstall | Tcheck | Ttotal | Status | Flags |
---|---|---|---|---|---|---|
r-devel-linux-x86_64-debian-clang | 1.2.3 | 160.17 | 322.53 | 482.70 | OK | |
r-devel-linux-x86_64-debian-gcc | 1.2.3 | 142.93 | 253.49 | 396.42 | OK | |
r-devel-linux-x86_64-fedora-clang | 1.2.3 | 624.78 | NOTE | |||
r-devel-linux-x86_64-fedora-gcc | 1.2.3 | 662.37 | OK | |||
r-devel-windows-ix86+x86_64 | 1.2.3 | 213.00 | 469.00 | 682.00 | NOTE | |
r-patched-linux-x86_64 | 1.2.3 | 158.93 | 334.68 | 493.61 | OK | |
r-patched-solaris-x86 | 1.2.3 | 795.90 | OK | |||
r-release-linux-x86_64 | 1.2.3 | 150.32 | 336.58 | 486.90 | OK | |
r-release-macos-x86_64 | 1.2.3 | NOTE | ||||
r-release-windows-ix86+x86_64 | 1.2.3 | 247.00 | 446.00 | 693.00 | NOTE | |
r-oldrel-macos-x86_64 | 1.2.3 | NOTE | ||||
r-oldrel-windows-ix86+x86_64 | 1.2.3 | 224.00 | 400.00 | 624.00 | NOTE |
Version: 1.2.3
Check: installed package size
Result: NOTE
installed size is 50.1Mb
sub-directories of 1Mb or more:
libs 48.9Mb
Flavors: r-devel-linux-x86_64-fedora-clang, r-devel-windows-ix86+x86_64, r-release-macos-x86_64, r-release-windows-ix86+x86_64, r-oldrel-macos-x86_64, r-oldrel-windows-ix86+x86_64