CRAN Package Check Results for Package ggtern

Last updated on 2021-01-22 22:48:42 CET.

Flavor Version Tinstall Tcheck Ttotal Status Flags
r-devel-linux-x86_64-debian-clang 3.3.0 15.82 135.75 151.57 OK
r-devel-linux-x86_64-debian-gcc 3.3.0 14.14 99.08 113.22 OK
r-devel-linux-x86_64-fedora-clang 3.3.0 182.53 NOTE
r-devel-linux-x86_64-fedora-gcc 3.3.0 175.40 NOTE
r-devel-windows-ix86+x86_64 3.3.0 33.00 161.00 194.00 OK
r-patched-linux-x86_64 3.3.0 16.70 124.97 141.67 OK
r-patched-solaris-x86 3.3.0 220.60 NOTE
r-release-linux-x86_64 3.3.0 17.79 125.47 143.26 OK
r-release-macos-x86_64 3.3.0 NOTE
r-release-windows-ix86+x86_64 3.3.0 46.00 167.00 213.00 OK
r-oldrel-macos-x86_64 3.3.0 NOTE
r-oldrel-windows-ix86+x86_64 3.3.0 20.00 124.00 144.00 OK

Check Details

Version: 3.3.0
Check: dependencies in R code
Result: NOTE
    Namespace in Imports field not imported from: ‘hexbin’
     All declared Imports should be used.
Flavors: r-devel-linux-x86_64-fedora-clang, r-devel-linux-x86_64-fedora-gcc, r-patched-solaris-x86, r-release-macos-x86_64, r-oldrel-macos-x86_64

Version: 3.3.0
Check: Rd cross-references
Result: NOTE
    Undeclared package ‘chemometrics’ in Rd xrefs
Flavor: r-devel-linux-x86_64-fedora-clang