Last updated on 2021-01-20 22:48:13 CET.
Flavor | Version | Tinstall | Tcheck | Ttotal | Status | Flags |
---|---|---|---|---|---|---|
r-devel-linux-x86_64-debian-clang | 0.2.8 | 5.28 | 52.49 | 57.77 | OK | |
r-devel-linux-x86_64-debian-gcc | 0.2.8 | 4.40 | 39.49 | 43.89 | OK | |
r-devel-linux-x86_64-fedora-clang | 0.2.8 | 78.65 | OK | |||
r-devel-linux-x86_64-fedora-gcc | 0.2.8 | 65.44 | OK | |||
r-devel-windows-ix86+x86_64 | 0.2.8 | 11.00 | 57.00 | 68.00 | OK | |
r-patched-linux-x86_64 | 0.2.8 | 5.70 | 49.35 | 55.05 | OK | |
r-patched-solaris-x86 | 0.2.8 | 100.80 | NOTE | |||
r-release-linux-x86_64 | 0.2.8 | 5.66 | 49.45 | 55.11 | OK | |
r-release-macos-x86_64 | 0.2.8 | NOTE | ||||
r-release-windows-ix86+x86_64 | 0.2.8 | 33.00 | 75.00 | 108.00 | OK | |
r-oldrel-macos-x86_64 | 0.2.8 | OK | ||||
r-oldrel-windows-ix86+x86_64 | 0.2.8 | 9.00 | 48.00 | 57.00 | OK |
Version: 0.2.8
Check: package dependencies
Result: NOTE
Package suggested but not available for checking: ‘rsvg’
Flavor: r-patched-solaris-x86
Version: 0.2.8
Check: package dependencies
Result: NOTE
Package suggested but not available for checking: ‘ggtree’
Flavor: r-release-macos-x86_64