Last updated on 2021-01-16 22:55:41 CET.
Flavor | Version | Tinstall | Tcheck | Ttotal | Status | Flags |
---|---|---|---|---|---|---|
r-devel-linux-x86_64-debian-clang | 0.1.1 | 5.28 | 50.34 | 55.62 | OK | |
r-devel-linux-x86_64-debian-gcc | 0.1.1 | 4.80 | 40.89 | 45.69 | OK | |
r-devel-linux-x86_64-fedora-clang | 0.1.1 | 75.76 | NOTE | |||
r-devel-linux-x86_64-fedora-gcc | 0.1.1 | 68.07 | NOTE | |||
r-devel-windows-ix86+x86_64 | 0.1.1 | 11.00 | 58.00 | 69.00 | OK | |
r-patched-linux-x86_64 | 0.1.1 | 5.42 | 51.49 | 56.91 | OK | |
r-patched-solaris-x86 | 0.1.1 | 97.40 | NOTE | |||
r-release-linux-x86_64 | 0.1.1 | 5.96 | 51.31 | 57.27 | OK | |
r-release-macos-x86_64 | 0.1.1 | NOTE | ||||
r-release-windows-ix86+x86_64 | 0.1.1 | 13.00 | 52.00 | 65.00 | OK | |
r-oldrel-macos-x86_64 | 0.1.1 | NOTE | ||||
r-oldrel-windows-ix86+x86_64 | 0.1.1 | 12.00 | 54.00 | 66.00 | OK |
Version: 0.1.1
Check: dependencies in R code
Result: NOTE
Namespaces in Imports field not imported from:
‘grDevices’ ‘gtable’
All declared Imports should be used.
Flavors: r-devel-linux-x86_64-fedora-clang, r-devel-linux-x86_64-fedora-gcc, r-patched-solaris-x86, r-release-macos-x86_64, r-oldrel-macos-x86_64