Last updated on 2021-01-20 09:49:46 CET.
Flavor | Version | Tinstall | Tcheck | Ttotal | Status | Flags |
---|---|---|---|---|---|---|
r-devel-linux-x86_64-debian-clang | 0.3.1 | 9.64 | 88.79 | 98.43 | OK | |
r-devel-linux-x86_64-debian-gcc | 0.3.1 | 7.92 | 65.62 | 73.54 | OK | |
r-devel-linux-x86_64-fedora-clang | 0.3.1 | 125.31 | NOTE | |||
r-devel-linux-x86_64-fedora-gcc | 0.3.1 | 114.28 | NOTE | |||
r-devel-windows-ix86+x86_64 | 0.3.1 | 16.00 | 91.00 | 107.00 | OK | |
r-patched-linux-x86_64 | 0.3.1 | 8.99 | 84.71 | 93.70 | OK | |
r-patched-solaris-x86 | 0.3.1 | 149.60 | NOTE | |||
r-release-linux-x86_64 | 0.3.1 | 9.04 | 83.99 | 93.03 | OK | |
r-release-macos-x86_64 | 0.3.1 | NOTE | ||||
r-release-windows-ix86+x86_64 | 0.3.1 | 18.00 | 91.00 | 109.00 | OK | |
r-oldrel-macos-x86_64 | 0.3.1 | NOTE | ||||
r-oldrel-windows-ix86+x86_64 | 0.3.1 | 14.00 | 85.00 | 99.00 | OK |
Version: 0.3.1
Check: dependencies in R code
Result: NOTE
Namespace in Imports field not imported from: ‘magrittr’
All declared Imports should be used.
Flavors: r-devel-linux-x86_64-fedora-clang, r-devel-linux-x86_64-fedora-gcc, r-patched-solaris-x86, r-release-macos-x86_64, r-oldrel-macos-x86_64