Last updated on 2021-01-25 22:49:07 CET.
Flavor | Version | Tinstall | Tcheck | Ttotal | Status | Flags |
---|---|---|---|---|---|---|
r-devel-linux-x86_64-debian-clang | 1.1 | 13.03 | 113.34 | 126.37 | OK | |
r-devel-linux-x86_64-debian-gcc | 1.1 | 10.53 | 85.47 | 96.00 | OK | |
r-devel-linux-x86_64-fedora-clang | 1.1 | 164.88 | NOTE | |||
r-devel-linux-x86_64-fedora-gcc | 1.1 | 157.17 | NOTE | |||
r-devel-windows-ix86+x86_64 | 1.1 | 34.00 | 133.00 | 167.00 | OK | |
r-patched-linux-x86_64 | 1.1 | 9.30 | 101.82 | 111.12 | OK | |
r-patched-solaris-x86 | 1.1 | 220.60 | NOTE | |||
r-release-linux-x86_64 | 1.1 | 9.23 | 102.28 | 111.51 | OK | |
r-release-macos-x86_64 | 1.1 | NOTE | ||||
r-release-windows-ix86+x86_64 | 1.1 | 33.00 | 94.00 | 127.00 | OK | |
r-oldrel-macos-x86_64 | 1.1 | NOTE | ||||
r-oldrel-windows-ix86+x86_64 | 1.1 | 23.00 | 127.00 | 150.00 | OK |
Version: 1.1
Check: dependencies in R code
Result: NOTE
Namespaces in Imports field not imported from:
‘do’ ‘survival’
All declared Imports should be used.
Flavors: r-devel-linux-x86_64-fedora-clang, r-devel-linux-x86_64-fedora-gcc, r-patched-solaris-x86, r-release-macos-x86_64, r-oldrel-macos-x86_64