CRAN Package Check Results for Package geiger

Last updated on 2021-04-17 10:50:01 CEST.

Flavor Version Tinstall Tcheck Ttotal Status Flags
r-devel-linux-x86_64-debian-clang 2.0.7 44.80 163.54 208.34 OK
r-devel-linux-x86_64-debian-gcc 2.0.7 35.27 121.97 157.24 OK
r-devel-linux-x86_64-fedora-clang 2.0.7 265.70 NOTE
r-devel-linux-x86_64-fedora-gcc 2.0.7 265.14 OK
r-devel-windows-ix86+x86_64 2.0.7 102.00 239.00 341.00 OK
r-devel-windows-x86_64-gcc10-UCRT 2.0.7 OK
r-patched-linux-x86_64 2.0.7 38.57 148.97 187.54 OK
r-patched-solaris-x86 2.0.7 317.30 OK
r-release-linux-x86_64 2.0.7 40.85 147.19 188.04 OK
r-release-macos-x86_64 2.0.7 OK
r-release-windows-ix86+x86_64 2.0.7 100.00 249.00 349.00 OK
r-oldrel-macos-x86_64 2.0.7 OK
r-oldrel-windows-ix86+x86_64 2.0.7 62.00 226.00 288.00 OK

Check Details

Version: 2.0.7
Check: Rd cross-references
Result: NOTE
    Undeclared package ‘TreeSim’ in Rd xrefs
Flavor: r-devel-linux-x86_64-fedora-clang