Last updated on 2021-03-03 09:48:37 CET.
Flavor | Version | Tinstall | Tcheck | Ttotal | Status | Flags |
---|---|---|---|---|---|---|
r-devel-linux-x86_64-debian-clang | 2.18.0 | OK | ||||
r-devel-linux-x86_64-debian-gcc | 2.18.0 | 4.33 | 68.95 | 73.28 | OK | |
r-devel-linux-x86_64-fedora-clang | 2.18.0 | 133.97 | NOTE | |||
r-devel-linux-x86_64-fedora-gcc | 2.18.0 | 123.53 | OK | |||
r-devel-windows-ix86+x86_64 | 2.18.0 | 10.00 | 232.00 | 242.00 | OK | |
r-patched-linux-x86_64 | 2.18.0 | 5.37 | 92.01 | 97.38 | OK | |
r-patched-solaris-x86 | 2.18.0 | 115.30 | OK | |||
r-release-linux-x86_64 | 2.18.0 | 6.01 | 92.73 | 98.74 | OK | |
r-release-macos-x86_64 | 2.18.0 | OK | ||||
r-release-windows-ix86+x86_64 | 2.18.0 | 9.00 | 114.00 | 123.00 | OK | |
r-oldrel-macos-x86_64 | 2.18.0 | OK | ||||
r-oldrel-windows-ix86+x86_64 | 2.18.0 | 10.00 | 107.00 | 117.00 | OK |
Version: 2.18.0
Check: Rd cross-references
Result: NOTE
Undeclared package ‘reshape’ in Rd xrefs
Flavor: r-devel-linux-x86_64-fedora-clang