CRAN Package Check Results for Package gap

Last updated on 2021-02-26 22:47:21 CET.

Flavor Version Tinstall Tcheck Ttotal Status Flags
r-devel-linux-x86_64-debian-clang 1.2.2 21.24 119.34 140.58 OK
r-devel-linux-x86_64-debian-gcc 1.2.2 16.70 87.78 104.48 OK
r-devel-linux-x86_64-fedora-clang 1.2.2 194.87 NOTE
r-devel-linux-x86_64-fedora-gcc 1.2.2 180.96 OK
r-devel-windows-ix86+x86_64 1.2.2 43.00 98.00 141.00 OK
r-patched-linux-x86_64 1.2.2 19.24 111.17 130.41 OK
r-patched-solaris-x86 1.2.2 211.40 OK
r-release-linux-x86_64 1.2.2 20.13 112.25 132.38 OK
r-release-macos-x86_64 1.2.2 OK
r-release-windows-ix86+x86_64 1.2.2 41.00 153.00 194.00 OK
r-oldrel-macos-x86_64 1.2.2 OK
r-oldrel-windows-ix86+x86_64 1.2.2 40.00 122.00 162.00 OK

Check Details

Version: 1.2.2
Check: Rd cross-references
Result: NOTE
    Undeclared package ‘genetics’ in Rd xrefs
Flavor: r-devel-linux-x86_64-fedora-clang