Last updated on 2021-02-26 22:47:21 CET.
Flavor | Version | Tinstall | Tcheck | Ttotal | Status | Flags |
---|---|---|---|---|---|---|
r-devel-linux-x86_64-debian-clang | 5.2-0 | 31.47 | 209.88 | 241.35 | OK | |
r-devel-linux-x86_64-debian-gcc | 5.2-0 | 23.99 | 153.25 | 177.24 | OK | |
r-devel-linux-x86_64-fedora-clang | 5.2-0 | 291.80 | OK | |||
r-devel-linux-x86_64-fedora-gcc | 5.2-0 | 282.58 | OK | |||
r-devel-windows-ix86+x86_64 | 5.2-0 | 38.00 | 243.00 | 281.00 | OK | |
r-patched-linux-x86_64 | 5.2-0 | 26.82 | 190.03 | 216.85 | OK | |
r-patched-solaris-x86 | 5.2-0 | 358.90 | OK | |||
r-release-linux-x86_64 | 5.2-0 | 27.82 | 191.23 | 219.05 | OK | |
r-release-macos-x86_64 | 5.2-0 | OK | ||||
r-release-windows-ix86+x86_64 | 5.2-0 | 64.00 | 43.00 | 107.00 | FAIL | |
r-oldrel-macos-x86_64 | 5.2-0 | OK | ||||
r-oldrel-windows-ix86+x86_64 | 5.2-0 | 35.00 | 296.00 | 331.00 | OK |
Version: 5.2-0
Check: loading without being on the library search path
Result: FAIL
Flavor: r-release-windows-ix86+x86_64