Last updated on 2021-01-15 09:50:44 CET.
Flavor | Version | Tinstall | Tcheck | Ttotal | Status | Flags |
---|---|---|---|---|---|---|
r-devel-linux-x86_64-debian-clang | 2.3.7 | 248.47 | 20.15 | 268.62 | OK | |
r-devel-linux-x86_64-debian-gcc | 2.3.7 | 131.81 | 16.00 | 147.81 | OK | |
r-devel-linux-x86_64-fedora-clang | 2.3.7 | 545.16 | NOTE | |||
r-devel-linux-x86_64-fedora-gcc | 2.3.7 | 301.41 | OK | |||
r-devel-windows-ix86+x86_64 | 2.3.7 | 599.00 | 30.00 | 629.00 | NOTE | |
r-patched-linux-x86_64 | 2.3.7 | 165.80 | 19.63 | 185.43 | OK | |
r-patched-solaris-x86 | 2.3.7 | 437.20 | OK | |||
r-release-linux-x86_64 | 2.3.7 | 168.46 | 19.81 | 188.27 | OK | |
r-release-macos-x86_64 | 2.3.7 | OK | ||||
r-release-windows-ix86+x86_64 | 2.3.7 | 506.00 | 29.00 | 535.00 | NOTE | |
r-oldrel-macos-x86_64 | 2.3.7 | OK | ||||
r-oldrel-windows-ix86+x86_64 | 2.3.7 | 355.00 | 25.00 | 380.00 | NOTE |
Version: 2.3.7
Check: installed package size
Result: NOTE
installed size is 10.3Mb
sub-directories of 1Mb or more:
bin 10.2Mb
Flavors: r-devel-linux-x86_64-fedora-clang, r-devel-windows-ix86+x86_64, r-release-windows-ix86+x86_64, r-oldrel-windows-ix86+x86_64