CRAN Package Check Results for Package furniture

Last updated on 2021-01-16 22:55:40 CET.

Flavor Version Tinstall Tcheck Ttotal Status Flags
r-devel-linux-x86_64-debian-clang 1.9.7 5.11 58.65 63.76 OK
r-devel-linux-x86_64-debian-gcc 1.9.7 4.88 46.27 51.15 OK
r-devel-linux-x86_64-fedora-clang 1.9.7 86.29 NOTE
r-devel-linux-x86_64-fedora-gcc 1.9.7 80.70 NOTE
r-devel-windows-ix86+x86_64 1.9.7 10.00 65.00 75.00 OK
r-patched-linux-x86_64 1.9.7 5.19 58.34 63.53 OK
r-patched-solaris-x86 1.9.7 101.30 NOTE
r-release-linux-x86_64 1.9.7 5.95 58.97 64.92 OK
r-release-macos-x86_64 1.9.7 NOTE
r-release-windows-ix86+x86_64 1.9.7 10.00 61.00 71.00 OK
r-oldrel-macos-x86_64 1.9.7 NOTE
r-oldrel-windows-ix86+x86_64 1.9.7 10.00 57.00 67.00 OK

Check Details

Version: 1.9.7
Check: dependencies in R code
Result: NOTE
    Namespace in Imports field not imported from: ‘magrittr’
     All declared Imports should be used.
Flavors: r-devel-linux-x86_64-fedora-clang, r-devel-linux-x86_64-fedora-gcc, r-patched-solaris-x86, r-release-macos-x86_64, r-oldrel-macos-x86_64