CRAN Package Check Results for Package fitODBOD

Last updated on 2021-04-11 10:47:32 CEST.

Flavor Version Tinstall Tcheck Ttotal Status Flags
r-devel-linux-x86_64-debian-clang 1.4.1-1 11.17 157.14 168.31 OK
r-devel-linux-x86_64-debian-gcc 1.4.1-1 7.20 111.67 118.87 OK
r-devel-linux-x86_64-fedora-clang 1.4.1-1 200.21 NOTE
r-devel-linux-x86_64-fedora-gcc 1.4.1-1 205.66 OK
r-devel-windows-ix86+x86_64 1.4.1-1 12.00 161.00 173.00 OK
r-devel-windows-x86_64-gcc10-UCRT 1.4.1-1 OK
r-patched-linux-x86_64 1.4.1-1 9.89 153.82 163.71 OK
r-patched-solaris-x86 1.4.1-1 254.60 OK
r-release-linux-x86_64 1.4.1-1 8.46 158.32 166.78 OK
r-release-macos-x86_64 1.4.1-1 OK
r-release-windows-ix86+x86_64 1.4.1-1 12.00 234.00 246.00 OK
r-oldrel-macos-x86_64 1.4.1-1 OK
r-oldrel-windows-ix86+x86_64 1.4.1-1 15.00 217.00 232.00 OK

Check Details

Version: 1.4.1-1
Check: Rd cross-references
Result: NOTE
    Undeclared packages ‘BinaryEPPM’, ‘extraDistr’, ‘triangle’ in Rd xrefs
Flavor: r-devel-linux-x86_64-fedora-clang