Last updated on 2021-03-08 09:47:40 CET.
Flavor | Version | Tinstall | Tcheck | Ttotal | Status | Flags |
---|---|---|---|---|---|---|
r-devel-linux-x86_64-debian-clang | 0.3.4 | 2.43 | 33.54 | 35.97 | OK | |
r-devel-linux-x86_64-debian-gcc | 0.3.4 | 1.82 | 27.08 | 28.90 | OK | |
r-devel-linux-x86_64-fedora-clang | 0.3.4 | 53.54 | OK | |||
r-devel-linux-x86_64-fedora-gcc | 0.3.4 | 43.05 | OK | |||
r-devel-windows-ix86+x86_64 | 0.3.4 | 6.00 | 62.00 | 68.00 | OK | |
r-devel-windows-x86_64-gcc10-UCRT | 0.3.4 | OK | ||||
r-patched-linux-x86_64 | 0.3.4 | 2.01 | 32.77 | 34.78 | OK | |
r-patched-solaris-x86 | 0.3.4 | 63.10 | OK | |||
r-release-linux-x86_64 | 0.3.4 | 2.46 | 32.82 | 35.28 | OK | |
r-release-macos-x86_64 | 0.3.4 | OK | ||||
r-release-windows-ix86+x86_64 | 0.3.4 | 7.00 | 42.00 | 49.00 | OK | |
r-oldrel-macos-x86_64 | 0.3.4 | ERROR | ||||
r-oldrel-windows-ix86+x86_64 | 0.3.3 | 3.00 | 48.00 | 51.00 | OK |
Version: 0.3.4
Check: whether package can be installed
Result: ERROR
Installation failed.
Flavor: r-oldrel-macos-x86_64