Last updated on 2021-04-17 10:50:00 CEST.
Flavor | Version | Tinstall | Tcheck | Ttotal | Status | Flags |
---|---|---|---|---|---|---|
r-devel-linux-x86_64-debian-clang | 1.1.0 | 23.04 | 246.73 | 269.77 | NOTE | |
r-devel-linux-x86_64-debian-gcc | 1.1.0 | 20.35 | 180.55 | 200.90 | NOTE | |
r-devel-linux-x86_64-fedora-clang | 1.1.0 | 346.01 | NOTE | |||
r-devel-linux-x86_64-fedora-gcc | 1.1.0 | 335.23 | NOTE | |||
r-devel-windows-ix86+x86_64 | 1.1.0 | 60.00 | 257.00 | 317.00 | NOTE | |
r-devel-windows-x86_64-gcc10-UCRT | 1.1.0 | NOTE | ||||
r-patched-linux-x86_64 | 1.1.0 | 22.15 | 230.54 | 252.69 | OK | |
r-patched-solaris-x86 | 1.1.0 | 422.40 | OK | |||
r-release-linux-x86_64 | 1.1.0 | 20.77 | 222.96 | 243.73 | OK | |
r-release-macos-x86_64 | 1.1.0 | OK | ||||
r-release-windows-ix86+x86_64 | 1.1.0 | 62.00 | 281.00 | 343.00 | OK | |
r-oldrel-macos-x86_64 | 1.1.0 | OK | ||||
r-oldrel-windows-ix86+x86_64 | 1.1.0 | 41.00 | 248.00 | 289.00 | OK |
Version: 1.1.0
Check: LazyData
Result: NOTE
'LazyData' is specified without a 'data' directory
Flavors: r-devel-linux-x86_64-debian-clang, r-devel-linux-x86_64-debian-gcc, r-devel-linux-x86_64-fedora-clang, r-devel-linux-x86_64-fedora-gcc, r-devel-windows-ix86+x86_64, r-devel-windows-x86_64-gcc10-UCRT