CRAN Package Check Results for Package excursions

Last updated on 2021-01-20 09:49:44 CET.

Flavor Version Tinstall Tcheck Ttotal Status Flags
r-devel-linux-x86_64-debian-clang 2.4.5 22.48 98.56 121.04 NOTE
r-devel-linux-x86_64-debian-gcc 2.4.5 17.70 76.09 93.79 NOTE
r-devel-linux-x86_64-fedora-clang 2.4.5 163.91 OK
r-devel-linux-x86_64-fedora-gcc 2.4.5 150.53 OK
r-devel-windows-ix86+x86_64 2.4.5 42.00 138.00 180.00 OK
r-patched-linux-x86_64 2.4.5 18.34 89.77 108.11 NOTE
r-patched-solaris-x86 2.4.5 190.80 NOTE
r-release-linux-x86_64 2.4.5 19.39 91.79 111.18 NOTE
r-release-macos-x86_64 2.4.5 NOTE
r-release-windows-ix86+x86_64 2.4.5 45.00 129.00 174.00 OK
r-oldrel-macos-x86_64 2.4.5 NOTE
r-oldrel-windows-ix86+x86_64 2.4.5 35.00 136.00 171.00 OK

Check Details

Version: 2.4.5
Check: package dependencies
Result: NOTE
    Package suggested but not available for checking: 'INLA'
Flavors: r-devel-linux-x86_64-debian-clang, r-devel-linux-x86_64-debian-gcc, r-patched-linux-x86_64, r-patched-solaris-x86, r-release-linux-x86_64, r-release-macos-x86_64, r-oldrel-macos-x86_64