Last updated on 2021-03-07 22:47:35 CET.
Flavor | Version | Tinstall | Tcheck | Ttotal | Status | Flags |
---|---|---|---|---|---|---|
r-devel-linux-x86_64-debian-clang | 0.14 | 2.19 | 28.47 | 30.66 | OK | |
r-devel-linux-x86_64-debian-gcc | 0.14 | 1.97 | 22.39 | 24.36 | OK | |
r-devel-linux-x86_64-fedora-clang | 0.14 | 47.00 | OK | |||
r-devel-linux-x86_64-fedora-gcc | 0.14 | 36.95 | OK | |||
r-devel-windows-ix86+x86_64 | 0.14 | 6.00 | 43.00 | 49.00 | OK | |
r-devel-windows-x86_64-gcc10-UCRT | 0.14 | OK | ||||
r-patched-linux-x86_64 | 0.14 | 2.17 | 27.30 | 29.47 | OK | |
r-patched-solaris-x86 | 0.14 | 54.90 | OK | |||
r-release-linux-x86_64 | 0.14 | 2.87 | 27.28 | 30.15 | OK | |
r-release-macos-x86_64 | 0.14 | ERROR | ||||
r-release-windows-ix86+x86_64 | 0.14 | 6.00 | 34.00 | 40.00 | OK | |
r-oldrel-macos-x86_64 | 0.14 | OK | ||||
r-oldrel-windows-ix86+x86_64 | 0.14 | 5.00 | 33.00 | 38.00 | OK |
Version: 0.14
Check: tests
Result: ERROR
Running ‘test-all.R’ [3s/5s]
Running the tests in ‘tests/test-all.R’ failed.
Last 13 lines of output:
[1] 5 - 4 == 1
── 4. Failure: ggplot2 plots in a single expression are captured (@test-graphics
`x` not equal to `expected`.
Lengths differ: 5 is not 4
══ testthat results ═══════════════════════════════════════════════════════════
[ OK: 49 | SKIPPED: 1 | WARNINGS: 0 | FAILED: 4 ]
1. Failure: ggplot is captured (@test-graphics.r#13)
2. Failure: ggplot is captured (@test-graphics.r#15)
3. Failure: ggplot2 plots in a single expression are captured (@test-graphics.r#47)
4. Failure: ggplot2 plots in a single expression are captured (@test-graphics.r#49)
Error: testthat unit tests failed
Execution halted
Flavor: r-release-macos-x86_64