CRAN Package Check Results for Package eurostat

Last updated on 2024-02-27 21:48:25 CET.

Flavor Version Tinstall Tcheck Ttotal Status Flags
r-devel-linux-x86_64-debian-clang 4.0.0 11.53 102.57 114.10 OK
r-devel-linux-x86_64-debian-gcc 4.0.0 8.41 76.82 85.23 OK
r-devel-linux-x86_64-fedora-clang 4.0.0 142.62 NOTE
r-devel-linux-x86_64-fedora-gcc 4.0.0 152.76 NOTE
r-devel-windows-x86_64 4.0.0 10.00 106.00 116.00 OK
r-patched-linux-x86_64 4.0.0 12.75 98.27 111.02 OK
r-release-linux-x86_64 4.0.0 7.31 98.28 105.59 OK
r-release-macos-arm64 4.0.0 79.00 OK
r-release-macos-x86_64 4.0.0 108.00 OK
r-release-windows-x86_64 4.0.0 13.00 127.00 140.00 OK
r-oldrel-macos-arm64 4.0.0 64.00 OK
r-oldrel-windows-x86_64 4.0.0 14.00 118.00 132.00 OK

Check Details

Version: 4.0.0
Check: data for non-ASCII characters
Result: NOTE Note: found 1054 marked UTF-8 strings Flavors: r-devel-linux-x86_64-fedora-clang, r-devel-linux-x86_64-fedora-gcc