Last updated on 2021-01-20 09:49:44 CET.
Flavor | Version | Tinstall | Tcheck | Ttotal | Status | Flags |
---|---|---|---|---|---|---|
r-devel-linux-x86_64-debian-clang | 0.6.1 | 3.83 | 47.93 | 51.76 | OK | |
r-devel-linux-x86_64-debian-gcc | 0.6.1 | 3.64 | 37.55 | 41.19 | OK | |
r-devel-linux-x86_64-fedora-clang | 0.6.1 | 71.36 | NOTE | |||
r-devel-linux-x86_64-fedora-gcc | 0.6.1 | 63.01 | OK | |||
r-devel-windows-ix86+x86_64 | 0.6.1 | 7.00 | 55.00 | 62.00 | OK | |
r-patched-linux-x86_64 | 0.6.1 | 3.54 | 45.99 | 49.53 | OK | |
r-patched-solaris-x86 | 0.6.1 | 89.10 | OK | |||
r-release-linux-x86_64 | 0.6.1 | 4.47 | 45.57 | 50.04 | OK | |
r-release-macos-x86_64 | 0.6.1 | OK | ||||
r-release-windows-ix86+x86_64 | 0.6.1 | 10.00 | 53.00 | 63.00 | OK | |
r-oldrel-macos-x86_64 | 0.6.1 | OK | ||||
r-oldrel-windows-ix86+x86_64 | 0.6.1 | 5.00 | 48.00 | 53.00 | OK |
Version: 0.6.1
Check: Rd cross-references
Result: NOTE
Undeclared package ‘OpenMx’ in Rd xrefs
Flavor: r-devel-linux-x86_64-fedora-clang