CRAN Package Check Results for Package dynwrap

Last updated on 2021-01-24 09:49:05 CET.

Flavor Version Tinstall Tcheck Ttotal Status Flags
r-devel-linux-x86_64-debian-clang 1.2.1 14.47 379.90 394.37 OK
r-devel-linux-x86_64-debian-gcc 1.2.1 12.54 282.86 295.40 OK
r-devel-linux-x86_64-fedora-clang 1.2.1 465.59 OK
r-devel-linux-x86_64-fedora-gcc 1.2.1 452.34 OK
r-devel-windows-ix86+x86_64 1.2.1 32.00 444.00 476.00 OK
r-patched-linux-x86_64 1.2.1 13.61 377.32 390.93 OK
r-patched-solaris-x86 1.2.1 666.80 OK
r-release-linux-x86_64 1.2.1 16.17 374.63 390.80 OK
r-release-macos-x86_64 1.2.1 OK
r-release-windows-ix86+x86_64 1.2.1 38.00 480.00 518.00 OK
r-oldrel-macos-x86_64 1.2.1 ERROR
r-oldrel-windows-ix86+x86_64 1.2.1 25.00 448.00 473.00 OK

Check Details

Version: 1.2.1
Check: package dependencies
Result: NOTE
    Package suggested but not available for checking: ‘dyndimred’
Flavor: r-oldrel-macos-x86_64

Version: 1.2.1
Check: Rd cross-references
Result: NOTE
    Package unavailable to check Rd xrefs: ‘dyndimred’
Flavor: r-oldrel-macos-x86_64

Version: 1.2.1
Check: tests
Result: ERROR
     Running ‘testthat.R’ [139s/137s]
    Running the tests in ‘tests/testthat.R’ failed.
    Last 13 lines of output:
     Backtrace:
     █
     1. ├─dynwrap::get_dimred(wr_withdimred, dimred = dyndimred::dimred_pca) test-wrap_add_dimred.R:278:2
     2. └─dyndimred::dimred_pca
     3. └─base::getExportedValue(pkg, name)
     4. └─base::asNamespace(ns)
     5. └─base::getNamespace(ns)
     6. └─base::loadNamespace(name)
     7. └─base::withRestarts(stop(cond), retry_loadNamespace = function() NULL)
     8. └─base:::withOneRestart(expr, restarts[[1L]])
     9. └─base:::doWithOneRestart(return(expr), restart)
    
     [ FAIL 2 | WARN 1 | SKIP 1 | PASS 1408 ]
     Error: Test failures
     Execution halted
Flavor: r-oldrel-macos-x86_64