Last updated on 2021-01-16 22:55:38 CET.
Flavor | Version | Tinstall | Tcheck | Ttotal | Status | Flags |
---|---|---|---|---|---|---|
r-devel-linux-x86_64-debian-clang | 1.0-0 | 2.56 | 48.06 | 50.62 | OK | |
r-devel-linux-x86_64-debian-gcc | 1.0-0 | 1.97 | 36.88 | 38.85 | OK | |
r-devel-linux-x86_64-fedora-clang | 1.0-0 | 68.66 | NOTE | |||
r-devel-linux-x86_64-fedora-gcc | 1.0-0 | 59.71 | OK | |||
r-devel-windows-ix86+x86_64 | 1.0-0 | 5.00 | 55.00 | 60.00 | NOTE | |
r-patched-linux-x86_64 | 1.0-0 | 2.54 | 46.00 | 48.54 | OK | |
r-patched-solaris-x86 | 1.0-0 | 78.80 | NOTE | |||
r-release-linux-x86_64 | 1.0-0 | 2.25 | 46.45 | 48.70 | OK | |
r-release-macos-x86_64 | 1.0-0 | NOTE | ||||
r-release-windows-ix86+x86_64 | 1.0-0 | 6.00 | 52.00 | 58.00 | NOTE | |
r-oldrel-macos-x86_64 | 1.0-0 | NOTE | ||||
r-oldrel-windows-ix86+x86_64 | 1.0-0 | 5.00 | 64.00 | 69.00 | NOTE |
Version: 1.0-0
Check: installed package size
Result: NOTE
installed size is 5.7Mb
sub-directories of 1Mb or more:
extdata 4.2Mb
Flavors: r-devel-linux-x86_64-fedora-clang, r-devel-windows-ix86+x86_64, r-patched-solaris-x86, r-release-macos-x86_64, r-release-windows-ix86+x86_64, r-oldrel-macos-x86_64, r-oldrel-windows-ix86+x86_64
Version: 1.0-0
Check: package dependencies
Result: NOTE
Package suggested but not available for checking: ‘terra’
Flavor: r-patched-solaris-x86
Version: 1.0-0
Check: R code for possible problems
Result: NOTE
disMapBook: no visible global function definition for ‘plot’
Undefined global functions or variables:
plot
Consider adding
importFrom("graphics", "plot")
to your NAMESPACE file.
Flavors: r-oldrel-macos-x86_64, r-oldrel-windows-ix86+x86_64