CRAN Package Check Results for Package directPA

Last updated on 2021-04-11 10:47:30 CEST.

Flavor Version Tinstall Tcheck Ttotal Status Flags
r-devel-linux-x86_64-debian-clang 1.5 2.73 33.27 36.00 OK
r-devel-linux-x86_64-debian-gcc 1.5 2.21 25.31 27.52 OK
r-devel-linux-x86_64-fedora-clang 1.5 53.16 OK
r-devel-linux-x86_64-fedora-gcc 1.5 40.16 OK
r-devel-windows-ix86+x86_64 1.5 7.00 38.00 45.00 OK
r-devel-windows-x86_64-gcc10-UCRT 1.5 OK
r-patched-linux-x86_64 1.5 2.71 31.32 34.03 OK
r-patched-solaris-x86 1.5 64.10 OK
r-release-linux-x86_64 1.5 2.63 31.19 33.82 OK
r-release-macos-x86_64 1.5 OK
r-release-windows-ix86+x86_64 1.5 8.00 51.00 59.00 OK
r-oldrel-macos-x86_64 1.5 ERROR
r-oldrel-windows-ix86+x86_64 1.4 7.00 48.00 55.00 OK

Check Details

Version: 1.5
Check: whether package can be installed
Result: ERROR
    Installation failed.
Flavor: r-oldrel-macos-x86_64