CRAN Package Check Results for Package diffpriv

Last updated on 2024-02-27 09:53:53 CET.

Flavor Version Tinstall Tcheck Ttotal Status Flags
r-devel-linux-x86_64-debian-clang 0.4.2 4.36 74.37 78.73 NOTE
r-devel-linux-x86_64-debian-gcc 0.4.2 3.05 55.95 59.00 NOTE
r-devel-linux-x86_64-fedora-clang 0.4.2 97.36 NOTE
r-devel-linux-x86_64-fedora-gcc 0.4.2 111.60 NOTE
r-devel-windows-x86_64 0.4.2 5.00 113.00 118.00 NOTE
r-patched-linux-x86_64 0.4.2 5.75 72.24 77.99 NOTE
r-release-linux-x86_64 0.4.2 4.74 71.82 76.56 NOTE
r-release-macos-arm64 0.4.2 40.00 NOTE
r-release-macos-x86_64 0.4.2 64.00 NOTE
r-release-windows-x86_64 0.4.2 6.00 106.00 112.00 NOTE
r-oldrel-macos-arm64 0.4.2 33.00 NOTE
r-oldrel-windows-x86_64 0.4.2 9.00 107.00 116.00 NOTE

Check Details

Version: 0.4.2
Check: Rd files
Result: NOTE checkRd: (-1) sensitivitySamplerManual-DPMech-function-numeric-numeric-numeric-method.Rd:25: Lost braces 25 | \item{k}{order statistic index in {1,...,\code{m}}.} | ^ checkRd: (-1) sensitivitySamplerManual-DPMechNumeric-function-numeric-numeric-numeric-method.Rd:25: Lost braces 25 | \item{k}{order statistic index in {1,...,\code{m}}.} | ^ checkRd: (-1) sensitivitySamplerManual.Rd:22: Lost braces 22 | \item{k}{order statistic index in {1,...,\code{m}}.} | ^ Flavors: r-devel-linux-x86_64-debian-clang, r-devel-linux-x86_64-debian-gcc, r-devel-linux-x86_64-fedora-clang, r-devel-linux-x86_64-fedora-gcc

Version: 0.4.2
Check: LazyData
Result: NOTE 'LazyData' is specified without a 'data' directory Flavors: r-devel-linux-x86_64-debian-clang, r-devel-linux-x86_64-debian-gcc, r-devel-linux-x86_64-fedora-clang, r-devel-linux-x86_64-fedora-gcc, r-devel-windows-x86_64, r-patched-linux-x86_64, r-release-linux-x86_64, r-release-macos-arm64, r-release-macos-x86_64, r-release-windows-x86_64, r-oldrel-macos-arm64, r-oldrel-windows-x86_64