CRAN Package Check Results for Package detzrcr

Last updated on 2021-01-16 22:55:38 CET.

Flavor Version Tinstall Tcheck Ttotal Status Flags
r-devel-linux-x86_64-debian-clang 0.3.1 4.47 32.36 36.83 OK
r-devel-linux-x86_64-debian-gcc 0.3.1 3.43 25.17 28.60 OK
r-devel-linux-x86_64-fedora-clang 0.3.1 51.98 NOTE
r-devel-linux-x86_64-fedora-gcc 0.3.1 42.68 NOTE
r-devel-windows-ix86+x86_64 0.3.1 6.00 41.00 47.00 OK
r-patched-linux-x86_64 0.3.1 3.42 30.83 34.25 OK
r-patched-solaris-x86 0.3.1 63.60 NOTE
r-release-linux-x86_64 0.3.1 3.82 31.17 34.99 OK
r-release-macos-x86_64 0.3.1 NOTE
r-release-windows-ix86+x86_64 0.3.1 7.00 36.00 43.00 OK
r-oldrel-macos-x86_64 0.3.1 NOTE
r-oldrel-windows-ix86+x86_64 0.3.1 7.00 47.00 54.00 OK

Check Details

Version: 0.3.1
Check: dependencies in R code
Result: NOTE
    Namespaces in Imports field not imported from:
     ‘DT’ ‘utils’
     All declared Imports should be used.
Flavors: r-devel-linux-x86_64-fedora-clang, r-devel-linux-x86_64-fedora-gcc, r-patched-solaris-x86, r-release-macos-x86_64, r-oldrel-macos-x86_64